the prime factors of 6 - (a - 1 - 29).
3, 13
Let m = -5214 + 11924. List the prime factors of m.
2, 5, 11, 61
Let o be (-1)/(5/(0 + -1015)). Let b = -136 + o. Suppose -67 = -t + 3*n, -t + 0*t - n = -b. List the prime factors of t.
67
Suppose -3*s + 5169 = -3*j, 4*s - 3438 = -2*j + 4*j. List the prime factors of 172/129*(1 - j/4).
577
Let c = -36 - -37. Let f be (c + 23)/((-11)/33). List the prime factors of f/3*3/(-6).
2, 3
Suppose 4*s + 4*y = 72, -3*s + 33 = -2*y - 2*y. Let q(a) = 7 + 2 + 212*a + 1 - a**2 - 189*a. What are the prime factors of q(s)?
2, 5, 13
Let j = -139 + 2423. Suppose 6*x - j = 1838. List the prime factors of x.
3, 229
Let f(l) = 2*l + 53. Let m be f(-4). What are the prime factors of (6 + m/(-5))/(6/(-526))?
263
Suppose -2*z + 134484 = 4*f, -8*z = -7*z + 3*f - 67235. List the prime factors of z.
2, 7, 1201
Suppose 3488*b = 3483*b - f + 61030, -3*b + 36618 = 2*f. List the prime factors of b.
2, 17, 359
Let s = -26398 + 43808. List the prime factors of s.
2, 5, 1741
Let i(g) = 15*g**2 + 11*g - 32. Let z be i(4). Let x = 736 - z. List the prime factors of x.
2, 11
Let h be (288/168)/((-2)/7). What are the prime factors of -4 - (h + -179 + 6)?
5, 7
Let x(p) = p**3 - 9*p**2 + 21*p + 3. Let d be x(5). What are the prime factors of -42*-20*4/d + 0?
2, 3, 5, 7
Let p = 8277 + -3941. List the prime factors of p.
2, 271
Let m = 13996 + 3800. List the prime factors of m.
2, 3, 1483
Let o = -211 - -216. Suppose 1305 = -3*g + 6*g - s, -o*s + 2195 = 5*g. List the prime factors of g.
2, 109
Let t be (1 - 0)*(4 + -4). Let j(v) = -v**2 - 13*v - 16. Let l be j(-5). Suppose -l*w + 26*w - 78 = t. List the prime factors of w.
3, 13
Suppose 2*g = -3*m + 5 - 18, m + 3 = -2*g. Let b = 7 + m. List the prime factors of b/(-11) + 992/11.
2, 3, 5
Let v(r) = 81*r - 17. Let t(f) = 2*f - 1. Let q(z) = 5*t(z) - v(z). List the prime factors of q(-16).
2, 7, 41
Let d = 1084 - 1109. Let z(m) = -m**2 - 12*m - 6. Let f be z(-6). Let k = d + f. List the prime factors of k.
5
Let g = 4911 - 10719. List the prime factors of 3 + 2 - g/16.
2, 23
Let j = -1798 - -7526. List the prime factors of j.
2, 179
Suppose 38*p - 28 = 39*p. Let n = p + 125. Suppose 93 = 2*z - n. List the prime factors of z.
5, 19
Let f = 208 - 203. Let b(u) = 2*u**3 - u**2 - 5*u - 5. What are the prime factors of b(f)?
3, 5, 13
Let m(u) = u**2 - 13. Suppose -10*l - 73 = -3. Let q be m(l). Let v = q - 25. List the prime factors of v.
11
Let g(h) = 193*h**2 - 4*h - 2. Let n = -464 - -463. What are the prime factors of g(n)?
3, 5, 13
Let i(d) be the first derivative of d**2 - 3*d + 8. Let h be i(4). Suppose -5*r - 4*v = -26 - 60, -2*r = h*v - 48. List the prime factors of r.
2, 7
Let n(p) = 14*p**2 - 16. Let c be n(4). Suppose -12*o + 20*o = c. What are the prime factors of o?
2, 13
Suppose -2*x - 25*x = -397548. What are the prime factors of x?
2, 3, 409
Let s be (189/(-225)*-5)/(6/20). What are the prime factors of (-21)/s + (1577/2)/1?
787
Suppose 0*k + 4*k - 3*r - 16 = 0, -4*k = 5*r + 16. What are the prime factors of k/4 + 6 + (-10168)/(-32)?
2, 3
Let n(d) = d**3 + 4*d**2 + 2*d - 2. Let q be n(-2). Let g be 112 - 9 - -1*q. Suppose -256 = -3*s - f + 54, -s - 2*f = -g. List the prime factors of s.
103
What are the prime factors of (-185276)/(-10) + (-116)/(-290)?
2, 3, 193
Let b(w) = 2*w**3 - 6 + 8*w**3 - 9*w**3 + 22*w + 30*w**2. List the prime factors of b(-29).
197
Let c = 3935 + -1999. Let h = c - 917. List the prime factors of h.
1019
Suppose -4*r = -9*r - 345. Let m(g) = -88*g**2 + g - 2. Let y be m(1). Let u = r - y. What are the prime factors of u?
2, 5
What are the prime factors of ((-30)/(-18))/(10/15630)?
5, 521
Suppose -29*z + 2451 = -28*z. Suppose -5*l = d - z, -l = 4*d - 20 - 474. Suppose -10*f + 200 = -l. List the prime factors of f.
3, 23
Let v = 14 - 14. Let k be 12/6 - v/2. Suppose w + u - 6*u - 103 = 0, -k*u = -5*w + 469. List the prime factors of w.
3, 31
Let d = 36 - 28. Suppose -5*r - 3*z + 6 = -46, 48 = 5*r + 2*z. Let m = r + d. List the prime factors of m.
2
Suppose 42 = -4*g + 4*i - 2*i, 5*g + 3*i = -25. Let a = g - -414. List the prime factors of a.
2, 7, 29
Suppose -22*y + 26*y - 5*g - 18438 = 0, 3*y = -4*g + 13844. List the prime factors of y.
2, 1153
Let t = 14 + -20. Let r be (-84)/(-9) + (-10)/30. List the prime factors of 412/t*r/(-6).
103
Suppose -i + 66133 = 13*i - 66405. List the prime factors of i.
9467
Suppose 3*l + 59 = 4*v - 6*v, l - v + 28 = 0. Let k = l - -397. List the prime factors of k.
2, 11, 17
Let q(m) be the first derivative of 25 + 19/3*m**3 - 3*m**2 + 0*m. List the prime factors of q(3).
3, 17
Suppose 168 = 6*t + 144. Suppose -w + 365 = -t*n - 1297, 2*w + 3*n = 3291. What are the prime factors of w?
2, 3, 5, 11
List the prime factors of 28913 - 3*(-2 + (-24)/18).
3, 31, 311
Suppose d - 28335 + 7676 = m, m - 103271 = -5*d. List the prime factors of d.
3, 5, 17
Suppose 0 = -18*m + 8*m + 31840. List the prime factors of 6/4*9/(108/m).
2, 199
Suppose 32054*u = 32076*u - 620906. What are the prime factors of u?
13, 167
Suppose -5*x = -2*t - 3845, -5*t - 3076 = 5*x - 9*x. Let v = 1115 - x. List the prime factors of v.
2, 173
Suppose 5*k - 5073 = 26242. Suppose -1888 = -11*a + k. List the prime factors of a.
3, 13, 19
Let t = 6585 + -2183. List the prime factors of t.
2, 31, 71
Let k(t) = 242*t**2 - 246*t - 742. List the prime factors of k(-3).
2, 1087
Let t(o) = 311*o**2 - 47*o - 12. List the prime factors of t(-8).
2, 3, 563
Let g be 637/98 - (-5)/(-2). Suppose 1800 = g*t + 4*m, 0 = m - 4*m. What are the prime factors of t?
2, 3, 5
Suppose -2*m + 2 + 0 = 2*c, -3*c - 29 = -5*m. What are the prime factors of c - ((5 - 1) + -540)?
13, 41
List the prime factors of (1/((-4)/(-144)))/((-15)/(-6370)).
2, 3, 7, 13
Let x(v) = -4 + 1 - 101*v + 2 - 54*v. Let i be x(1). Let t = i + 258. What are the prime factors of t?
2, 3, 17
Suppose -5*s = -3*u - 1065, 15*u = 4*s + 11*u - 844. What are the prime factors of 130696/s + 4/(-54)?
5, 11
Suppose -6*q = 10*q - 364980 - 146156. What are the prime factors of q?
2, 15973
Suppose 2*p - 9040 = j - 749, -3*p - 3*j = -12423. What are the prime factors of p?
2, 7, 37
Let g(z) = -3408*z - 8819. What are the prime factors of g(-9)?
13, 41
Let x = -19798 - -31676. What are the prime factors of x?
2, 5939
Let k(f) = -f - 4. Suppose -i - 8 = -0*i. Let g be k(i). Suppose -71 = -g*n + 85. What are the prime factors of n?
3, 13
List the prime factors of (2/4)/((-21)/6) - 807669/(-63).
2, 5, 641
Let i(m) = -2*m**3 + 9*m**2 + 2*m - 7. Let p be i(5). List the prime factors of ((-33)/p)/(6/548).
137
Let r(w) = -219*w + 293. Let c be r(-10). Suppose -c = -7*i + 2900. What are the prime factors of i?
769
What are the prime factors of 2013/((-6 - -4) + (-25)/(-10))?
2, 3, 11, 61
Suppose -2*n + 3*v - 55 = -7, n + 2*v + 38 = 0. List the prime factors of (-15)/n + 875/2.
2, 3, 73
Let f(b) = 31*b**2 + b. Let w be ((-3)/9)/((-2)/(-6)). Let a be f(w). Suppose j = -5*h + a, 4*j + 2*h = h + 44. List the prime factors of j.
2, 5
What are the prime factors of (-68298)/(-54) + (-2)/(-9)?
5, 11, 23
Let k be 2/(-6) - 3576/18. What are the prime factors of (k/4)/((-28)/336)?
3, 199
Let n(q) = 0*q + 13 + 4*q - 5*q - 1. Let w be n(12). Suppose -3*j = w, -k - 3*j = 10 - 97. List the prime factors of k.
3, 29
Let w(c) = 106*c**2 + 140*c + 882. What are the prime factors of w(-6)?
2, 3, 643
Let o = 320 - 320. Suppose o = -5*j + 580 + 2395. List the prime factors of j.
5, 7, 17
Let k(c) be the first derivative of -147*c**2/2 - 2*c + 2. What are the prime factors of k(-2)?
2, 73
Suppose 648 = -33*x + 9*x. List the prime factors of 35240/21 + x/((-2835)/(-10)).
2, 839
What are the prime factors of 16/(-2) + (7632 - -6) + 0?
2, 5, 7, 109
Suppose 51*m - 50*m = -2*i + 886, 5*i - 2182 = 3*m. List the prime factors of i.
2, 5, 11
Suppose l = -4*o - 20, l + 4*l - 14 = -o. List the prime factors of (4/o)/((-4400)/2190 + 2).
73
Let u(c) = -6*c - 294. Let a be u(0). Let g = -131 - a. Let y = g + -110. List the prime factors of y.
53
Suppose -129*c + 231*c = 134*c - 2392576. List the prime factors of c.
2, 4673
Let f = 13 - 7. Let q be 170/136*((2 - 0) + 2). Suppose -q*u + l = f*l - 115, -5*u = -2*l - 87. List the prime factors of u.
19
Let m(q) = 2*q - 2. Let l(p)